+ 5*w - 2, -g + 26 = a*w. List the prime factors of w.
2, 3
Let i = 1 + 4. Suppose 0 = -3*h - q + 130, i*h + 3*q = 295 - 73. Let z = 5 + h. What are the prime factors of z?
47
Let y(d) = -15*d**2 + 9*d**2 - 9*d - 6 + 12*d**2. Let s be y(-4). What are the prime factors of (-72)/s + 1198/14?
5, 17
What are the prime factors of 17794 + (297/(-18))/(-11) + (-15)/10?
2, 7, 31, 41
Let l(u) = 11*u**3 - 4*u**2 - 3*u + 3. Let z be 2 + 0/1*(-9 + 8). Let t be l(z). Let n = 113 - t. List the prime factors of n.
2, 11
Suppose 3*i = -144*p + 145*p + 4476, 2*p - 3000 = -2*i. List the prime factors of i.
2, 3, 83
Let v(x) = -3*x**3 + 85*x**2 + 56*x + 89. Let r be v(29). Let m = 61 + -7. Suppose -32*z + r*z = -m. List the prime factors of z.
2, 3
Let c be -3 + (-14)/(-6) + (-328)/(-6). Suppose 49*q + 15 = c*q. What are the prime factors of 11*(-21 + q)*-1?
2, 3, 11
Let x = 254 + -291. Let n = x + 127. What are the prime factors of n?
2, 3, 5
List the prime factors of (-260)/15*((-495)/44)/5.
3, 13
Let w(l) = 29*l - 11. Let m(y) = 34*y - 4. Let d(a) = -3*a. Let t(k) = -24*d(k) - 3*m(k). Let b(u) = -2*t(u) - 3*w(u). What are the prime factors of b(-4)?
3, 13
Suppose -130*a + 126*a = -4640. What are the prime factors of 1/(3/(-6))*a/(-5)?
2, 29
Let q(t) = -t**2 + 24*t + 158. Let k be q(25). Let w = -2 - -2. Suppose w = 3*z - 422 - k. What are the prime factors of z?
5, 37
Let k(s) = 2*s**3 - 3*s**3 + 5*s**2 + 3*s + 9 - 2*s. Let w be k(5). Suppose -j = -4*y - 36, -y = -3*j - w + 67. List the prime factors of j.
2
Let p be ((-223)/(-4))/(6/48). Suppose 448*s = p*s + 1272. What are the prime factors of s?
2, 3, 53
Let s(i) be the first derivative of -15 - 1/3*i**3 - 8*i**2 - 10*i. List the prime factors of s(-6).
2, 5
Let p be (-120)/(-32)*(-4)/(-3). Suppose -2*q - 6 = 5*h, p*q + 0*q = 10. What are the prime factors of 113 - 8 - (h - -7)?
2, 5
Suppose -2*s + 20 = -2*q - q, 0 = -2*s - q + 28. Suppose 13*b = -s*b + 32812. List the prime factors of b.
2, 631
Let g(f) = -585*f - 11. Let i be g(-2). Suppose 369 - i = -5*l. What are the prime factors of (5/(-2) - (-10 - -7))*l?
79
Let y = -138 - -304. Suppose -5*p - t + y = -4*t, 0 = -p + 4*t + 40. Suppose -v + p = 3*v. List the prime factors of v.
2
Suppose -3*a - 88651 = -4*z, z = 6*a - 5*a + 22161. What are the prime factors of z?
2, 17, 163
Suppose -4*p = -3*b + 6*b + 18, 0 = -4*p. List the prime factors of (-156 + (b - -9))*-3.
3, 17
Let h(o) = 10*o - 40. Let j be h(5). What are the prime factors of ((-8)/j)/((-1)/235)?
2, 47
Let y(f) = -2*f + 56. Let w be (1*(0 - 0))/(-2). Let o be y(w). What are the prime factors of (-3)/9*(5 - o)?
17
Suppose -5*b = y - 23, 2*b + 7 = 2*y + 3*y. List the prime factors of (-3)/30*-626*(y + 2).
313
Let m(n) = -n. Let u be m(0). Let h be 275/75 - (24/9 - 2). Suppose h*d + 3*z - 198 = u, 3*d + z - 261 = -d. List the prime factors of d.
5, 13
Let t be (4/3)/(3 - 7/3). Suppose 12 = -z + t*z. List the prime factors of ((-416)/z)/(3/(-9)).
2, 13
Let l(m) = 3*m. Let t be l(2). Suppose t*g = -1014 - 684. Let c = g + 418. List the prime factors of c.
3, 5
Let d(a) = -a**2 + 42*a - 22. Let v be d(20). What are the prime factors of (5 + v/4)*4?
2, 3, 73
Suppose -20564 = -4*p + 3*y, 24*p - 15423 = 21*p + 2*y. What are the prime factors of p?
53, 97
List the prime factors of ((-2)/(-15) + (-6828355)/(-6900))/(1/8).
2, 37, 107
Suppose 70*g = 86*g - 162304. List the prime factors of 95/57 + g/12.
7, 11
Let n(k) = 5*k**2 + 15*k - 26. Let g(j) = 7*j**2 + 31*j - 10. Let x be g(-5). What are the prime factors of n(x)?
2, 3, 13
What are the prime factors of 820*4*35/28*3/3?
2, 5, 41
Let z(q) = 8*q + 122. Let w be z(-15). Suppose -w*m - 5*x + 1141 = 0, -3*m - 5*x - 1649 = -6*m. List the prime factors of m.
2, 3, 31
Let y(g) be the second derivative of 37*g**3/6 + 11*g**2/2 - 6*g. Let u(z) = -36*z - 12. Let s(x) = -3*u(x) - 2*y(x). What are the prime factors of s(3)?
2, 29
Suppose c - 8941 = 5*j, -44549 = 28*c - 33*c - j. List the prime factors of c.
7, 19, 67
Let j(l) = -159*l + 9. Let y be j(12). Let i be ((y/6)/(-3))/((-1)/(-2)). Let p = 306 - i. What are the prime factors of p?
5, 19
Suppose -109*x = 5*n - 108*x - 9606, 5*n + 4*x = 9624. What are the prime factors of n?
2, 3, 5
Let n = 253 + -570. Let m(r) = -7*r**2 - 9*r - 4. Let z be m(-6). Let c = z - n. List the prime factors of c.
5, 23
Let z(g) = -180*g**3 - 5*g**2 - 8*g - 20. What are the prime factors of z(-5)?
3, 5, 1493
Let h(s) = s**2 - 8*s + 4. Let a be h(8). Let v = -340 - -916. Suppose a*o = -2*o + v. List the prime factors of o.
2, 3
Let x = -6548 - -11135. What are the prime factors of x?
3, 11, 139
Suppose 0 = -a - b + 717, -b + 1 = -3*a + 2152. Let d = a + -395. List the prime factors of d.
2, 7, 23
Suppose -369*p + 96024 = -345*p. What are the prime factors of p?
4001
Suppose 172 = 148*w - 144*w. Suppose -1359 = -52*z + w*z. What are the prime factors of z?
151
Let b be (-2848)/(-2) + 44 + -40. Suppose 13*g - 7*g - b = 0. List the prime factors of g.
2, 7, 17
What are the prime factors of 6*-2*(-265)/(-100)*-695?
3, 53, 139
Let r be ((-21)/(-2))/(9/54). What are the prime factors of r/182*1288 - 4/(-26)?
2, 223
Suppose 0 = 3*y + 15, -4*r + 884 = 2*y + 2*y. Suppose i = -2*u + 4*i + 459, u - r = -2*i. Suppose -u = -8*l + 5*l. List the prime factors of l.
2, 19
Let g = 11005 - 5781. What are the prime factors of g?
2, 653
Suppose 0 = -4*c + 20 + 4. Suppose 0 = c*k - 448 - 14. Let q = 37 + k. List the prime factors of q.
2, 3, 19
Suppose 2*s + u + 22 = -0*s, -4*u = 3*s + 38. Let f be -2*(-5)/s*-5. Let g(d) = 4*d**2 - 13. What are the prime factors of g(f)?
3, 29
Suppose -60*g + 65*g - 60 = 0. Suppose -10*y + d - 1407 = -g*y, -3*y = 5*d - 2114. What are the prime factors of y?
19, 37
What are the prime factors of (-190832)/(-32)*4/(-16)*-8?
11927
Let v = 29270 - 20508. What are the prime factors of v?
2, 13, 337
Suppose h - 3 = -35. Let c = -36 + h. Let m = 100 + c. What are the prime factors of m?
2
Let y = 1434 + 1148. What are the prime factors of y?
2, 1291
Let z(n) = 594*n - 2121. What are the prime factors of z(22)?
3, 41, 89
Let i be ((-4 - 4) + 9)/((-3)/(-6)). What are the prime factors of (-59 - -60)*(123 + i)/1?
5
Let q(n) = 162*n**2 - 2*n - 1. Let i be q(1). Suppose 76 = 5*c - i. Suppose 0 = -5*z + c + 323. List the prime factors of z.
2, 37
List the prime factors of ((-895)/(-15))/(100/17100).
3, 19, 179
Let r(v) = 14*v**2 - v. Let s be (10/(-6))/((-9)/189). Let x = s - 37. List the prime factors of r(x).
2, 29
Suppose 38279 - 23419 = 4*m. List the prime factors of m.
5, 743
Let w be ((-18)/8 - -1)/((-16)/896). Let u = 1880 - 1299. What are the prime factors of 6/(-4) + 5/(w/u)?
2, 5
Let f = 395 - 410. Let p(m) = -m - 51. Let k(h) = h + 102. Let w(c) = 4*k(c) + 9*p(c). List the prime factors of w(f).
2, 3
Let q(n) = 76*n**2 - 228*n - 21. List the prime factors of q(-24).
3, 61, 269
Suppose 5 = -7*w - 2. Let z be 1 + (2 - w) + -150. Let c = z + 207. List the prime factors of c.
61
Suppose -5*p - 6 = -8*p. Suppose p*o - 429 + 71 = 3*t, 4*o - 4*t = 716. What are the prime factors of o?
179
Let a be ((1 + -5)/(-4))/((-1)/(-3969)). Suppose -2*w - 5*w = -a. What are the prime factors of w?
3, 7
Suppose -33*a + 2*a + 533812 = -49701. What are the prime factors of a?
7, 2689
Let m(k) = 4*k**2 + 173*k + 5418. What are the prime factors of m(103)?
3, 7297
Suppose 0 = 17*d - 32*d - 210. What are the prime factors of 175 + (-11)/(22/d)?
2, 7, 13
Suppose -12*c - 16989 = 9*c. Let f = c + 1688. What are the prime factors of f?
3, 293
Let b(z) = 130*z**2 + 12*z - 16. Let p be b(4). Suppose -2*r - 3*c = -3216, 5*r - 3*c - 5907 = p. What are the prime factors of r?
3, 5, 107
List the prime factors of 13016 - (1 + 11 - 26).
2, 5, 1303
Let x = 134325 + -91292. List the prime factors of x.
23, 1871
Suppose 5*k = -i + 114, -5*i + 2 = -18. Suppose 1225 = 17*l - k*l. Let f = -164 - l. What are the prime factors of f?
3
Suppose 98*i - 38052 = -53*i. List the prime factors of i.
2, 3, 7
Suppose -3 = -q, 26658 = 3*z + 320*q - 323*q. List the prime factors of z.
3, 2963
What are the prime factors of 12/(-22) + (329/(-188))/(11/(-40760))?
2, 1621
Let r = -1409 + 2557. Suppose -3*p - p + r = -4*m, 5*m - 5 = 0. What are the prime factors of p?
2, 3
Lis